te the remainder when 5134 is divided by 79.
78
What is the remainder when 511 is divided by 136?
103
What is the remainder when 55 is divided by 44?
11
Calculate the remainder when 260 is divided by 85.
5
What is the remainder when 363 is divided by 61?
58
What is the remainder when 305 is divided by 14?
11
Calculate the remainder when 1851 is divided by 64.
59
Calculate the remainder when 4936 is divided by 33.
19
What is the remainder when 113 is divided by 6?
5
What is the remainder when 346 is divided by 88?
82
Calculate the remainder when 404 is divided by 206.
198
What is the remainder when 320 is divided by 36?
32
Calculate the remainder when 13122 is divided by 17.
15
Calculate the remainder when 236 is divided by 14.
12
What is the remainder when 559 is divided by 23?
7
What is the remainder when 82 is divided by 24?
10
What is the remainder when 285 is divided by 23?
9
What is the remainder when 138 is divided by 9?
3
What is the remainder when 615 is divided by 301?
13
What is the remainder when 78 is divided by 6?
0
What is the remainder when 61 is divided by 23?
15
What is the remainder when 71798 is divided by 19?
16
Calculate the remainder when 939 is divided by 191.
175
Calculate the remainder when 425 is divided by 31.
22
Calculate the remainder when 104 is divided by 39.
26
Calculate the remainder when 119 is divided by 93.
26
What is the remainder when 253 is divided by 9?
1
Calculate the remainder when 191 is divided by 111.
80
Calculate the remainder when 1998 is divided by 23.
20
Calculate the remainder when 851 is divided by 275.
26
What is the remainder when 78 is divided by 9?
6
What is the remainder when 1644 is divided by 816?
12
Calculate the remainder when 1726 is divided by 45.
16
Calculate the remainder when 176 is divided by 156.
20
Calculate the remainder when 113 is divided by 24.
17
What is the remainder when 138 is divided by 21?
12
Calculate the remainder when 285 is divided by 8.
5
Calculate the remainder when 160 is divided by 36.
16
Calculate the remainder when 180 is divided by 91.
89
What is the remainder when 310 is divided by 97?
19
Calculate the remainder when 124 is divided by 42.
40
Calculate the remainder when 286 is divided by 143.
0
Calculate the remainder when 732 is divided by 18.
12
Calculate the remainder when 243 is divided by 96.
51
Calculate the remainder when 155 is divided by 10.
5
What is the remainder when 996 is divided by 249?
0
Calculate the remainder when 6448 is divided by 30.
28
What is the remainder when 260 is divided by 67?
59
What is the remainder when 37393 is divided by 135?
133
What is the remainder when 104 is divided by 55?
49
Calculate the remainder when 175 is divided by 123.
52
Calculate the remainder when 490 is divided by 44.
6
What is the remainder when 67 is divided by 26?
15
What is the remainder when 9223 is divided by 14?
11
What is the remainder when 191 is divided by 11?
4
Calculate the remainder when 2262 is divided by 73.
72
What is the remainder when 258 is divided by 84?
6
Calculate the remainder when 149 is divided by 15.
14
What is the remainder when 303 is divided by 38?
37
What is the remainder when 52 is divided by 43?
9
What is the remainder when 86 is divided by 25?
11
Calculate the remainder when 8974 is divided by 48.
46
Calculate the remainder when 6907 is divided by 24.
19
Calculate the remainder when 94 is divided by 38.
18
Calculate the remainder when 61 is divided by 2.
1
Calculate the remainder when 937 is divided by 86.
77
What is the remainder when 312 is divided by 82?
66
Calculate the remainder when 78 is divided by 6.
0
Calculate the remainder when 322 is divided by 47.
40
Calculate the remainder when 1206 is divided by 245.
226
Calculate the remainder when 67 is divided by 18.
13
Calculate the remainder when 722 is divided by 61.
51
Calculate the remainder when 235 is divided by 88.
59
Calculate the remainder when 7782 is divided by 555.
12
What is the remainder when 804 is divided by 255?
39
What is the remainder when 288 is divided by 101?
86
Calculate the remainder when 8713 is divided by 218.
211
What is the remainder when 328 is divided by 20?
8
Calculate the remainder when 99 is divided by 32.
3
Calculate the remainder when 665 is divided by 37.
36
Calculate the remainder when 228 is divided by 119.
109
Calculate the remainder when 359 is divided by 141.
77
What is the remainder when 22 is divided by 20?
2
What is the remainder when 315 is divided by 27?
18
What is the remainder when 58 is divided by 18?
4
What is the remainder when 602 is divided by 42?
14
Calculate the remainder when 853 is divided by 42.
13
What is the remainder when 294 is divided by 20?
14
What is the remainder when 828 is divided by 23?
0
What is the remainder when 46963 is divided by 118?
117
Calculate the remainder when 277 is divided by 70.
67
Calculate the remainder when 144 is divided by 49.
46
What is the remainder when 238 is divided by 24?
22
What is the remainder when 2897 is divided by 7?
6
Calculate the remainder when 341 is divided by 184.
157
Calculate the remainder when 3374 is divided by 242.
228
Calculate the remainder when 1581 is divided by 98.
13
What is the remainder when 111 is divided by 12?
3
What is the remainder when 16 is divided by 6?
4
What is the remainder when 89 is divided by 34?
21
What is the remainder when 78 is divided by 28?
22
Calculate the remainder when 673 is divided by 97.
91
Calculate the remainder when 531 is divided by 19.
18
What is the remainder when 689 is divided by 48?
17
What is the remainder when 134 is divided by 16?
6
What is the remainder when 533 is divided by 79?
59
What is the remainder when 272 is divided by 70?
62
What is the remainder when 928 is divided by 74?
40
Calculate the remainder when 93 is divided by 14.
9
What is the remainder when 300 is divided by 43?
42
What is the remainder when 112 is divided by 60?
52
Calculate the remainder when 818 is divided by 39.
38
What is the remainder when 44 is divided by 19?
6
Calculate the remainder when 176 is divided by 15.
11
What is the remainder when 70 is divided by 7?
0
Calculate the remainder when 1666 is divided by 39.
28
What is the remainder when 2811 is divided by 21?
18
What is the remainder when 1489 is divided by 1486?
3
Calculate the remainder when 482 is divided by 223.
36
Calculate the remainder when 70 is divided by 36.
34
What is the remainder when 4069 is divided by 37?
36
Calculate the remainder when 1180 is divided by 16.
12
Calculate the remainder when 696 is divided by 14.
10
What is the remainder when 1554 is divided by 156?
150
What is the remainder when 45 is divided by 9?
0
What is the remainder when 582 is divided by 49?
43
Calculate the remainder when 627 is divided by 220.
187
What is the remainder when 12090 is divided by 84?
78
What is the remainder when 188 is divided by 49?
41
What is the remainder when 471 is divided by 97?
83
Calculate the remainder when 5962 is divided by 25.
12
Calculate the remainder when 193 is divided by 91.
11
What is the remainder when 522 is divided by 135?
117
Calculate the remainder when 634 is divided by 53.
51
Calculate the remainder when 3129 is divided by 36.
33
Calculate the remainder when 763 is divided by 9.
7
What is the remainder when 1005 is divided by 36?
33
What is the remainder when 103 is divided by 44?
15
Calculate the remainder when 131 is divided by 34.
29
Calculate the remainder when 102 is divided by 28.
18
What is the remainder when 928 is divided by 25?
3
What is the remainder when 593 is divided by 283?
27
What is the remainder when 32305 is divided by 394?
391
What is the remainder when 1632 is divided by 422?
366
Calculate the remainder when 172 is divided by 52.
16
Calculate the remainder when 1460 is divided by 725.
10
Calculate the remainder when 1049 is divided by 62.
57
Calculate the remainder when 66 is divided by 22.
0
What is the remainder when 851 is divided by 39?
32
Calculate the remainder when 2311 is divided by 52.
23
What is the remainder when 1017 is divided by 27?
18
What is the remainder when 228 is divided by 23?
21
Calculate the remainder when 276 is divided by 9.
6
What is the remainder when 69 is divided by 66?
3
Calculate the remainder w